{"id":2,"date":"2024-07-16T16:40:43","date_gmt":"2024-07-16T14:40:43","guid":{"rendered":"https:\/\/www.fermedesaulnays.fr\/?page_id=2"},"modified":"2024-09-24T09:28:21","modified_gmt":"2024-09-24T07:28:21","slug":"page-d-exemple","status":"publish","type":"page","link":"https:\/\/www.fermedesaulnays.fr\/","title":{"rendered":"Accueil"},"content":{"rendered":"\n<h2 class=\"wp-block-heading has-text-align-center\">Un fromage de concours, et pas que !<\/h2>\n\n\n\n<div class=\"wp-block-columns is-layout-flex wp-container-core-columns-is-layout-658170e2 wp-block-columns-is-layout-flex\">\n<div class=\"wp-block-column is-vertically-aligned-center is-layout-flow wp-block-column-is-layout-flow\">\n<figure class=\"wp-block-image size-full is-resized --is-custom-photo --tilt-right\"><img loading=\"lazy\" decoding=\"async\" width=\"1024\" height=\"683\" src=\"https:\/\/www.fermedesaulnays.fr\/wp-content\/uploads\/2024\/07\/claquos_pres.jpg\" alt=\"\" class=\"wp-image-48\" style=\"width:450px\" srcset=\"https:\/\/www.fermedesaulnays.fr\/wp-content\/uploads\/2024\/07\/claquos_pres.jpg 1024w, https:\/\/www.fermedesaulnays.fr\/wp-content\/uploads\/2024\/07\/claquos_pres-300x200.jpg 300w, https:\/\/www.fermedesaulnays.fr\/wp-content\/uploads\/2024\/07\/claquos_pres-768x512.jpg 768w\" sizes=\"auto, (max-width: 1024px) 100vw, 1024px\" \/><figcaption class=\"wp-element-caption\">Notre Camembert,<br>notre produit phare !<\/figcaption><\/figure>\n<\/div>\n\n\n\n<div class=\"wp-block-column is-vertically-aligned-center is-layout-flow wp-block-column-is-layout-flow\">\n<p class=\"has-text-align-center\">Nous sommes fiers d&rsquo;avoir des fromages Laur\u00e9ats au World Jersey Cheese Awards.<br>Notre Camembert a obtenu la m\u00e9daille d&rsquo;argent et notre Jersy la m\u00e9daille d&rsquo;Or.<\/p>\n\n\n\n<p class=\"has-text-align-center\">En plus de nos fromages, nous produisons \u00e9galement du lait et de la viande de porc.<br><br><a href=\"https:\/\/www.fermedesaulnays.fr\/index.php\/nos-produits\/\" data-type=\"page\" data-id=\"146\">Pour en savoir plus<\/a> <\/p>\n<\/div>\n\n\n\n<div class=\"wp-block-column is-vertically-aligned-center is-layout-flow wp-block-column-is-layout-flow\">\n<figure class=\"wp-block-image size-full is-resized --is-custom-photo\"><img loading=\"lazy\" decoding=\"async\" width=\"1024\" height=\"683\" src=\"https:\/\/www.fermedesaulnays.fr\/wp-content\/uploads\/2024\/07\/jersy_pres.jpg\" alt=\"\" class=\"wp-image-47\" style=\"width:450px\" srcset=\"https:\/\/www.fermedesaulnays.fr\/wp-content\/uploads\/2024\/07\/jersy_pres.jpg 1024w, https:\/\/www.fermedesaulnays.fr\/wp-content\/uploads\/2024\/07\/jersy_pres-300x200.jpg 300w, https:\/\/www.fermedesaulnays.fr\/wp-content\/uploads\/2024\/07\/jersy_pres-768x512.jpg 768w\" sizes=\"auto, (max-width: 1024px) 100vw, 1024px\" \/><figcaption class=\"wp-element-caption\">Notre Jersy laur\u00e9at!<\/figcaption><\/figure>\n<\/div>\n<\/div>\n\n\n\n<hr class=\"wp-block-separator has-alpha-channel-opacity is-style-custom is-style-wide\" style=\"margin-top:var(--wp--preset--spacing--30);margin-bottom:var(--wp--preset--spacing--30)\"\/>\n\n\n\n<h2 class=\"wp-block-heading has-text-align-center\">Local, Bio et sans OGM<\/h2>\n\n\n\n<div class=\"wp-block-columns is-layout-flex wp-container-core-columns-is-layout-28f84493 wp-block-columns-is-layout-flex\">\n<div class=\"wp-block-column is-layout-flow wp-block-column-is-layout-flow\" style=\"flex-basis:100%\">\n<figure class=\"wp-block-image aligncenter size-full\"><img loading=\"lazy\" decoding=\"async\" width=\"155\" height=\"154\" src=\"https:\/\/www.fermedesaulnays.fr\/wp-content\/uploads\/2024\/07\/local_logo.png\" alt=\"\" class=\"wp-image-89\" srcset=\"https:\/\/www.fermedesaulnays.fr\/wp-content\/uploads\/2024\/07\/local_logo.png 155w, https:\/\/www.fermedesaulnays.fr\/wp-content\/uploads\/2024\/07\/local_logo-150x150.png 150w\" sizes=\"auto, (max-width: 155px) 100vw, 155px\" \/><\/figure>\n\n\n\n<p class=\"has-text-align-center --custom-link\">Nos produits sont produits localement \u00e0 Evran et distribu\u00e9s dans les <a href=\"https:\/\/www.fermedesaulnays.fr\/index.php\/ou-trouver-nos-produits\/\" data-type=\"page\" data-id=\"193\">circuits courts et grossistes alimentaires de la fili\u00e8re bio.<\/a><\/p>\n<\/div>\n\n\n\n<div class=\"wp-block-column is-layout-flow wp-block-column-is-layout-flow\" style=\"flex-basis:100%\">\n<figure class=\"wp-block-image aligncenter size-full\"><img loading=\"lazy\" decoding=\"async\" width=\"155\" height=\"154\" src=\"https:\/\/www.fermedesaulnays.fr\/wp-content\/uploads\/2024\/07\/bio_logo.png\" alt=\"\" class=\"wp-image-88\" srcset=\"https:\/\/www.fermedesaulnays.fr\/wp-content\/uploads\/2024\/07\/bio_logo.png 155w, https:\/\/www.fermedesaulnays.fr\/wp-content\/uploads\/2024\/07\/bio_logo-150x150.png 150w\" sizes=\"auto, (max-width: 155px) 100vw, 155px\" \/><\/figure>\n\n\n\n<p class=\"has-text-align-center\">L&rsquo;environnement de l&rsquo;exploitation est pr\u00e9serv\u00e9 par plus de 65 ann\u00e9es de pratiques culturales BIO.<\/p>\n<\/div>\n\n\n\n<div class=\"wp-block-column is-layout-flow wp-block-column-is-layout-flow\" style=\"flex-basis:100%\">\n<figure class=\"wp-block-image aligncenter size-full\"><img loading=\"lazy\" decoding=\"async\" width=\"155\" height=\"154\" src=\"https:\/\/www.fermedesaulnays.fr\/wp-content\/uploads\/2024\/07\/ogm_logo.png\" alt=\"\" class=\"wp-image-90\" srcset=\"https:\/\/www.fermedesaulnays.fr\/wp-content\/uploads\/2024\/07\/ogm_logo.png 155w, https:\/\/www.fermedesaulnays.fr\/wp-content\/uploads\/2024\/07\/ogm_logo-150x150.png 150w\" sizes=\"auto, (max-width: 155px) 100vw, 155px\" \/><\/figure>\n\n\n\n<p class=\"has-text-align-center\">Nous pensons que le cahier des charges Bio (pas d\u2019engrais min\u00e9raux, ni de pesticides) est actuellement le meilleur rempart contre les OGM.<\/p>\n<\/div>\n<\/div>\n\n\n\n<hr class=\"wp-block-separator has-alpha-channel-opacity is-style-custom is-style-wide\" style=\"margin-top:var(--wp--preset--spacing--30);margin-bottom:var(--wp--preset--spacing--30)\"\/>\n\n\n\n<h2 class=\"wp-block-heading has-text-align-center\" style=\"margin-top:var(--wp--preset--spacing--30);margin-bottom:var(--wp--preset--spacing--30)\">Un syst\u00e8me coh\u00e9rent, qui prend soin de ses terres<\/h2>\n\n\n\n<div class=\"wp-block-columns is-layout-flex wp-container-core-columns-is-layout-28f84493 wp-block-columns-is-layout-flex\">\n<div class=\"wp-block-column is-vertically-aligned-top is-layout-flow wp-block-column-is-layout-flow\">\n<figure class=\"wp-block-image size-full is-resized --is-custom-photo\"><img loading=\"lazy\" decoding=\"async\" width=\"459\" height=\"216\" src=\"https:\/\/www.fermedesaulnays.fr\/wp-content\/uploads\/2024\/07\/anniejeromemeuhs-bis.jpg\" alt=\"\" class=\"wp-image-66\" style=\"width:450px\" srcset=\"https:\/\/www.fermedesaulnays.fr\/wp-content\/uploads\/2024\/07\/anniejeromemeuhs-bis.jpg 459w, https:\/\/www.fermedesaulnays.fr\/wp-content\/uploads\/2024\/07\/anniejeromemeuhs-bis-300x141.jpg 300w\" sizes=\"auto, (max-width: 459px) 100vw, 459px\" \/><figcaption class=\"wp-element-caption\">Les fermiers, Annie et J\u00e9r\u00f4me<\/figcaption><\/figure>\n<\/div>\n\n\n\n<div class=\"wp-block-column is-vertically-aligned-center is-layout-flow wp-block-column-is-layout-flow\">\n<p class=\"has-text-align-center\">Nous sommes fiers depuis 30 ans de continuer et approfondir les pratiques Bio de nos pr\u00e9d\u00e9cesseurs, et de prendre soin des 75ha qu&rsquo;ils ont pr\u00e9serv\u00e9s.<\/p>\n\n\n\n<p class=\"has-text-align-center\">Cet environnement, propice \u00e0 l\u2019\u00e9levage, se caract\u00e9rise par un maillage bocager tr\u00e8s dense et 12 ha de prairies naturelles en bord de Rance.<\/p>\n\n\n\n<p class=\"has-text-align-center\"><strong>Annie<\/strong> s\u2019occupe de la partie transformation et commercialisation alors que <strong>J\u00e9r\u00f4me<\/strong> est plus sur le suivi du troupeau de la traite et des cultures.<\/p>\n\n\n\n<p class=\"has-text-align-center\">Nous tenons \u00e0 appliquer nos principes d&rsquo;<strong>autonomie<\/strong> et de <strong>respect<\/strong> dans tous les aspects de notre activit\u00e9.<\/p>\n\n\n\n<p class=\"has-text-align-right --custom-link\" style=\"font-size:clamp(0.875rem, 0.875rem + ((1vw - 0.2rem) * 0.208), 1rem);\"><a href=\"https:\/\/www.fermedesaulnays.fr\/index.php\/notre-ferme\/\" data-type=\"page\" data-id=\"77\">Pour en savoir plus<\/a> <\/p>\n<\/div>\n<\/div>\n\n\n\n<hr class=\"wp-block-separator has-alpha-channel-opacity is-style-custom is-style-wide\" style=\"margin-top:var(--wp--preset--spacing--30);margin-bottom:var(--wp--preset--spacing--30)\"\/>\n\n\n\n<h2 class=\"wp-block-heading has-text-align-center\" style=\"margin-top:var(--wp--preset--spacing--30);margin-bottom:var(--wp--preset--spacing--30)\">Une communaut\u00e9 locale<\/h2>\n\n\n\n<div class=\"wp-block-columns is-layout-flex wp-container-core-columns-is-layout-28f84493 wp-block-columns-is-layout-flex\">\n<div class=\"wp-block-column is-vertically-aligned-center is-layout-flow wp-block-column-is-layout-flow\">\n<p class=\"has-text-align-center\">Pendant la belle saison (mai &#8211; septembre), la ferme ouvre ses portes le jeudi soir pour le march\u00e9 paysan.<\/p>\n\n\n\n<p class=\"has-text-align-center\">Les producteurs locaux y sont fiers de pr\u00e9senter leurs produits divers : confitures et sirops, miel et cire, l\u00e9gumes de saison, pain paysan, rillettes et p\u00e2t\u00e9s, et bien s\u00fbr nos fromages\u2026<\/p>\n\n\n\n<p class=\"has-text-align-center\">Venez profiter de ce rendez-vous hebdomadaire pour aussi d\u00e9guster une planche de fromage, une galette au camembert, une cr\u00eape au caramel, boire un coup, revoir des t\u00eates famili\u00e8res et en d\u00e9couvrir des nouvelles, le tout anim\u00e9 par des groupes locaux.<\/p>\n\n\n\n<p class=\"has-text-align-right\"><a href=\"https:\/\/www.fermedesaulnays.fr\/index.php\/le-marche\/\" data-type=\"page\" data-id=\"182\">Pour en savoir plus<\/a><\/p>\n<\/div>\n\n\n\n<div class=\"wp-block-column is-vertically-aligned-top is-layout-flow wp-block-column-is-layout-flow\">\n<figure class=\"wp-block-image size-full is-resized --is-custom-photo\"><img loading=\"lazy\" decoding=\"async\" width=\"1536\" height=\"2048\" src=\"https:\/\/www.fermedesaulnays.fr\/wp-content\/uploads\/2024\/07\/IMG_1817.jpeg\" alt=\"\" class=\"wp-image-102\" style=\"aspect-ratio:4\/3;object-fit:cover;width:450px\" srcset=\"https:\/\/www.fermedesaulnays.fr\/wp-content\/uploads\/2024\/07\/IMG_1817.jpeg 1536w, https:\/\/www.fermedesaulnays.fr\/wp-content\/uploads\/2024\/07\/IMG_1817-225x300.jpeg 225w, https:\/\/www.fermedesaulnays.fr\/wp-content\/uploads\/2024\/07\/IMG_1817-768x1024.jpeg 768w, https:\/\/www.fermedesaulnays.fr\/wp-content\/uploads\/2024\/07\/IMG_1817-1152x1536.jpeg 1152w\" sizes=\"auto, (max-width: 1536px) 100vw, 1536px\" \/><figcaption class=\"wp-element-caption\">Le march\u00e9 paysan<\/figcaption><\/figure>\n<\/div>\n<\/div>\n","protected":false},"excerpt":{"rendered":"<p>Un fromage de concours, et pas que ! Nous sommes fiers d&rsquo;avoir des fromages Laur\u00e9ats au World Jersey Cheese Awards.Notre Camembert a obtenu la m\u00e9daille d&rsquo;argent et notre Jersy la m\u00e9daille d&rsquo;Or. En plus de nos fromages, nous produisons \u00e9galement du lait et de la viande de porc. Pour en savoir plus Local, Bio et [&hellip;]<\/p>\n","protected":false},"author":1,"featured_media":0,"parent":0,"menu_order":0,"comment_status":"closed","ping_status":"open","template":"","meta":{"footnotes":""},"class_list":["post-2","page","type-page","status-publish","hentry"],"_links":{"self":[{"href":"https:\/\/www.fermedesaulnays.fr\/index.php\/wp-json\/wp\/v2\/pages\/2","targetHints":{"allow":["GET"]}}],"collection":[{"href":"https:\/\/www.fermedesaulnays.fr\/index.php\/wp-json\/wp\/v2\/pages"}],"about":[{"href":"https:\/\/www.fermedesaulnays.fr\/index.php\/wp-json\/wp\/v2\/types\/page"}],"author":[{"embeddable":true,"href":"https:\/\/www.fermedesaulnays.fr\/index.php\/wp-json\/wp\/v2\/users\/1"}],"replies":[{"embeddable":true,"href":"https:\/\/www.fermedesaulnays.fr\/index.php\/wp-json\/wp\/v2\/comments?post=2"}],"version-history":[{"count":33,"href":"https:\/\/www.fermedesaulnays.fr\/index.php\/wp-json\/wp\/v2\/pages\/2\/revisions"}],"predecessor-version":[{"id":285,"href":"https:\/\/www.fermedesaulnays.fr\/index.php\/wp-json\/wp\/v2\/pages\/2\/revisions\/285"}],"wp:attachment":[{"href":"https:\/\/www.fermedesaulnays.fr\/index.php\/wp-json\/wp\/v2\/media?parent=2"}],"curies":[{"name":"wp","href":"https:\/\/api.w.org\/{rel}","templated":true}]}}

<h2 class="wp-block-heading has-text-align-center">Un fromage de concours, et pas que !</h2>



<div class="wp-block-columns is-layout-flex wp-container-core-columns-is-layout-658170e2 wp-block-columns-is-layout-flex">
<div class="wp-block-column is-vertically-aligned-center is-layout-flow wp-block-column-is-layout-flow">
<figure class="wp-block-image size-full is-resized --is-custom-photo --tilt-right"><img loading="lazy" decoding="async" width="1024" height="683" src="https://www.fermedesaulnays.fr/wp-content/uploads/2024/07/claquos_pres.jpg" alt="" class="wp-image-48" style="width:450px" srcset="https://www.fermedesaulnays.fr/wp-content/uploads/2024/07/claquos_pres.jpg 1024w, https://www.fermedesaulnays.fr/wp-content/uploads/2024/07/claquos_pres-300x200.jpg 300w, https://www.fermedesaulnays.fr/wp-content/uploads/2024/07/claquos_pres-768x512.jpg 768w" sizes="auto, (max-width: 1024px) 100vw, 1024px" /><figcaption class="wp-element-caption">Notre Camembert,<br>notre produit phare !</figcaption></figure>
</div>



<div class="wp-block-column is-vertically-aligned-center is-layout-flow wp-block-column-is-layout-flow">
<p class="has-text-align-center">Nous sommes fiers d&rsquo;avoir des fromages Lauréats au World Jersey Cheese Awards.<br>Notre Camembert a obtenu la médaille d&rsquo;argent et notre Jersy la médaille d&rsquo;Or.</p>



<p class="has-text-align-center">En plus de nos fromages, nous produisons également du lait et de la viande de porc.<br><br><a href="https://www.fermedesaulnays.fr/index.php/nos-produits/" data-type="page" data-id="146">Pour en savoir plus</a> </p>
</div>



<div class="wp-block-column is-vertically-aligned-center is-layout-flow wp-block-column-is-layout-flow">
<figure class="wp-block-image size-full is-resized --is-custom-photo"><img loading="lazy" decoding="async" width="1024" height="683" src="https://www.fermedesaulnays.fr/wp-content/uploads/2024/07/jersy_pres.jpg" alt="" class="wp-image-47" style="width:450px" srcset="https://www.fermedesaulnays.fr/wp-content/uploads/2024/07/jersy_pres.jpg 1024w, https://www.fermedesaulnays.fr/wp-content/uploads/2024/07/jersy_pres-300x200.jpg 300w, https://www.fermedesaulnays.fr/wp-content/uploads/2024/07/jersy_pres-768x512.jpg 768w" sizes="auto, (max-width: 1024px) 100vw, 1024px" /><figcaption class="wp-element-caption">Notre Jersy lauréat!</figcaption></figure>
</div>
</div>



<hr class="wp-block-separator has-alpha-channel-opacity is-style-custom is-style-wide" style="margin-top:var(--wp--preset--spacing--30);margin-bottom:var(--wp--preset--spacing--30)"/>



<h2 class="wp-block-heading has-text-align-center">Local, Bio et sans OGM</h2>



<div class="wp-block-columns is-layout-flex wp-container-core-columns-is-layout-28f84493 wp-block-columns-is-layout-flex">
<div class="wp-block-column is-layout-flow wp-block-column-is-layout-flow" style="flex-basis:100%">
<figure class="wp-block-image aligncenter size-full"><img loading="lazy" decoding="async" width="155" height="154" src="https://www.fermedesaulnays.fr/wp-content/uploads/2024/07/local_logo.png" alt="" class="wp-image-89" srcset="https://www.fermedesaulnays.fr/wp-content/uploads/2024/07/local_logo.png 155w, https://www.fermedesaulnays.fr/wp-content/uploads/2024/07/local_logo-150x150.png 150w" sizes="auto, (max-width: 155px) 100vw, 155px" /></figure>



<p class="has-text-align-center --custom-link">Nos produits sont produits localement à Evran et distribués dans les <a href="https://www.fermedesaulnays.fr/index.php/ou-trouver-nos-produits/" data-type="page" data-id="193">circuits courts et grossistes alimentaires de la filière bio.</a></p>
</div>



<div class="wp-block-column is-layout-flow wp-block-column-is-layout-flow" style="flex-basis:100%">
<figure class="wp-block-image aligncenter size-full"><img loading="lazy" decoding="async" width="155" height="154" src="https://www.fermedesaulnays.fr/wp-content/uploads/2024/07/bio_logo.png" alt="" class="wp-image-88" srcset="https://www.fermedesaulnays.fr/wp-content/uploads/2024/07/bio_logo.png 155w, https://www.fermedesaulnays.fr/wp-content/uploads/2024/07/bio_logo-150x150.png 150w" sizes="auto, (max-width: 155px) 100vw, 155px" /></figure>



<p class="has-text-align-center">L&rsquo;environnement de l&rsquo;exploitation est préservé par plus de 65 années de pratiques culturales BIO.</p>
</div>



<div class="wp-block-column is-layout-flow wp-block-column-is-layout-flow" style="flex-basis:100%">
<figure class="wp-block-image aligncenter size-full"><img loading="lazy" decoding="async" width="155" height="154" src="https://www.fermedesaulnays.fr/wp-content/uploads/2024/07/ogm_logo.png" alt="" class="wp-image-90" srcset="https://www.fermedesaulnays.fr/wp-content/uploads/2024/07/ogm_logo.png 155w, https://www.fermedesaulnays.fr/wp-content/uploads/2024/07/ogm_logo-150x150.png 150w" sizes="auto, (max-width: 155px) 100vw, 155px" /></figure>



<p class="has-text-align-center">Nous pensons que le cahier des charges Bio (pas d’engrais minéraux, ni de pesticides) est actuellement le meilleur rempart contre les OGM.</p>
</div>
</div>



<hr class="wp-block-separator has-alpha-channel-opacity is-style-custom is-style-wide" style="margin-top:var(--wp--preset--spacing--30);margin-bottom:var(--wp--preset--spacing--30)"/>



<h2 class="wp-block-heading has-text-align-center" style="margin-top:var(--wp--preset--spacing--30);margin-bottom:var(--wp--preset--spacing--30)">Un système cohérent, qui prend soin de ses terres</h2>



<div class="wp-block-columns is-layout-flex wp-container-core-columns-is-layout-28f84493 wp-block-columns-is-layout-flex">
<div class="wp-block-column is-vertically-aligned-top is-layout-flow wp-block-column-is-layout-flow">
<figure class="wp-block-image size-full is-resized --is-custom-photo"><img loading="lazy" decoding="async" width="459" height="216" src="https://www.fermedesaulnays.fr/wp-content/uploads/2024/07/anniejeromemeuhs-bis.jpg" alt="" class="wp-image-66" style="width:450px" srcset="https://www.fermedesaulnays.fr/wp-content/uploads/2024/07/anniejeromemeuhs-bis.jpg 459w, https://www.fermedesaulnays.fr/wp-content/uploads/2024/07/anniejeromemeuhs-bis-300x141.jpg 300w" sizes="auto, (max-width: 459px) 100vw, 459px" /><figcaption class="wp-element-caption">Les fermiers, Annie et Jérôme</figcaption></figure>
</div>



<div class="wp-block-column is-vertically-aligned-center is-layout-flow wp-block-column-is-layout-flow">
<p class="has-text-align-center">Nous sommes fiers depuis 30 ans de continuer et approfondir les pratiques Bio de nos prédécesseurs, et de prendre soin des 75ha qu&rsquo;ils ont préservés.</p>



<p class="has-text-align-center">Cet environnement, propice à l’élevage, se caractérise par un maillage bocager très dense et 12 ha de prairies naturelles en bord de Rance.</p>



<p class="has-text-align-center"><strong>Annie</strong> s’occupe de la partie transformation et commercialisation alors que <strong>Jérôme</strong> est plus sur le suivi du troupeau de la traite et des cultures.</p>



<p class="has-text-align-center">Nous tenons à appliquer nos principes d&rsquo;<strong>autonomie</strong> et de <strong>respect</strong> dans tous les aspects de notre activité.</p>



<p class="has-text-align-right --custom-link" style="font-size:clamp(0.875rem, 0.875rem + ((1vw - 0.2rem) * 0.208), 1rem);"><a href="https://www.fermedesaulnays.fr/index.php/notre-ferme/" data-type="page" data-id="77">Pour en savoir plus</a> </p>
</div>
</div>



<hr class="wp-block-separator has-alpha-channel-opacity is-style-custom is-style-wide" style="margin-top:var(--wp--preset--spacing--30);margin-bottom:var(--wp--preset--spacing--30)"/>



<h2 class="wp-block-heading has-text-align-center" style="margin-top:var(--wp--preset--spacing--30);margin-bottom:var(--wp--preset--spacing--30)">Une communauté locale</h2>



<div class="wp-block-columns is-layout-flex wp-container-core-columns-is-layout-28f84493 wp-block-columns-is-layout-flex">
<div class="wp-block-column is-vertically-aligned-center is-layout-flow wp-block-column-is-layout-flow">
<p class="has-text-align-center">Pendant la belle saison (mai &#8211; septembre), la ferme ouvre ses portes le jeudi soir pour le marché paysan.</p>



<p class="has-text-align-center">Les producteurs locaux y sont fiers de présenter leurs produits divers : confitures et sirops, miel et cire, légumes de saison, pain paysan, rillettes et pâtés, et bien sûr nos fromages…</p>



<p class="has-text-align-center">Venez profiter de ce rendez-vous hebdomadaire pour aussi déguster une planche de fromage, une galette au camembert, une crêpe au caramel, boire un coup, revoir des têtes familières et en découvrir des nouvelles, le tout animé par des groupes locaux.</p>



<p class="has-text-align-right"><a href="https://www.fermedesaulnays.fr/index.php/le-marche/" data-type="page" data-id="182">Pour en savoir plus</a></p>
</div>



<div class="wp-block-column is-vertically-aligned-top is-layout-flow wp-block-column-is-layout-flow">
<figure class="wp-block-image size-full is-resized --is-custom-photo"><img loading="lazy" decoding="async" width="1536" height="2048" src="https://www.fermedesaulnays.fr/wp-content/uploads/2024/07/IMG_1817.jpeg" alt="" class="wp-image-102" style="aspect-ratio:4/3;object-fit:cover;width:450px" srcset="https://www.fermedesaulnays.fr/wp-content/uploads/2024/07/IMG_1817.jpeg 1536w, https://www.fermedesaulnays.fr/wp-content/uploads/2024/07/IMG_1817-225x300.jpeg 225w, https://www.fermedesaulnays.fr/wp-content/uploads/2024/07/IMG_1817-768x1024.jpeg 768w, https://www.fermedesaulnays.fr/wp-content/uploads/2024/07/IMG_1817-1152x1536.jpeg 1152w" sizes="auto, (max-width: 1536px) 100vw, 1536px" /><figcaption class="wp-element-caption">Le marché paysan</figcaption></figure>
</div>
</div>

<p>Un fromage de concours, et pas que ! Nous sommes fiers d&rsquo;avoir des fromages Lauréats au World Jersey Cheese Awards.Notre Camembert a obtenu la médaille d&rsquo;argent et notre Jersy la médaille d&rsquo;Or. En plus de nos fromages, nous produisons également du lait et de la viande de porc. Pour en savoir plus Local, Bio et [&hellip;]</p>
